*2 - 6*v + 2. Let h be x(-9). Let p = h + 192. What is the remainder when p is divided by 30?
26
Let c be (1 - 3)/((-24)/36). Let i be 16/((-15)/(-6) - c). Let m = -19 - i. What is the remainder when 63 is divided by m?
11
Let i = -6 - -45. What is the remainder when i is divided by 10?
9
Suppose 54 = f + 4*d, -5*d + 2*d - 178 = -4*f. Calculate the remainder when 411 is divided by f.
43
Suppose -16*g + 1155 = 195. Calculate the remainder when 176 is divided by g.
56
Suppose 221 = 3*y - q, 2*q = -0*q - 4. Let b(k) = k**3 - 8*k**2 - 22*k + 39. Calculate the remainder when y is divided by b(10).
16
Let t(w) = -w**2 - 25*w - 84. What is the remainder when 143 is divided by t(-20)?
15
Suppose -5*q + 41 = -3*q - i, 60 = 3*q - i. Let m be (-30)/(-225) - 56/(-30). Suppose 4*v = m*v + 74. What is the remainder when v is divided by q?
18
Let l(r) = -r - 1. Let f be l(-2). Suppose -v = -f - 51. Suppose v = 2*m + 4*q + q, 5*m = -q + 84. Calculate the remainder when m is divided by 9.
7
Let s(d) = 209*d + 2. Let o be s(2). Let b = o + -245. Let f = b + -113. Calculate the remainder when f is divided by 21.
20
Suppose -9*l = -7*l - 248. Calculate the remainder when l is divided by (35/21)/5*129/1.
38
Let t be ((-30)/(-6))/(15/6). Suppose 11 - 35 = -t*i. Calculate the remainder when 94 is divided by i.
10
What is the remainder when (3 - -1) + ((-4)/4 - -58) is divided by 50?
11
Let a be ((-1)/(-2))/((-1055)/176 + 6). Suppose -5*p - 15 = 0, 5*n = -5*p - a + 488. What is the remainder when n is divided by 18?
11
Let d(k) = k**2 + 14*k + 38. Let i be d(-12). Suppose i*p - 24 = 11*p. Calculate the remainder when 10 is divided by p.
2
Calculate the remainder when ((-60)/(-7))/((-4)/(-70)) is divided by (-38 - -41) + 32 + (17 - 5)/(-3).
26
Let r(d) = d**2 + 9*d + 7. What is the remainder when r(7) is divided by 4?
3
Let b(x) = -2*x - 1. Let o(s) = s**2 - 4*s - 1. Let v(z) = -7*b(z) + 3*o(z). What is the remainder when 46 is divided by v(-2)?
10
Let f = -235 + 281. What is the remainder when f is divided by 24?
22
Suppose 2*c - 47 = -b, 3*c = 9 - 0. Let u = 48 - b. Calculate the remainder when u is divided by 3.
1
Let g = -1 - -2. Suppose 3*i = 3*o - 309, 2*i - 6*i - 210 = -2*o. Suppose 94*w = o*w - 7. What is the remainder when w is divided by g?
0
Let q(k) = -184*k - 8 - 1 + 241*k. Calculate the remainder when q(4) is divided by 10.
9
Let j(q) = -q**3 + 7*q**2 + 20*q - 14. Suppose 0 = 3*z - 32 + 5. Let t = z - 3. What is the remainder when t is divided by j(9)?
2
Suppose 2 = 2*t - 8. Suppose -i + 505 = t*y, -2*y + 54 = -3*i - 165. What is the remainder when y is divided by 13?
11
Let a(w) = w**2 + 8*w - 126. Let u = 6 + 0. Calculate the remainder when a(-17) is divided by u.
3
Let n = 32 + -35. Let b = n - -6. What is the remainder when b is divided by 2?
1
Let s be 3*1 - (-4 + -6). Let g = -107 - -207. Suppose -8*j - g = -s*j. What is the remainder when 57 is divided by j?
17
Let n(d) = -d - 15. Let f be n(-15). Let g be 2 - 2*-1 - 1. Suppose f = -g*o - 4*r + 28, 4*o - 50 = 2*r + 2. What is the remainder when 21 is divided by o?
9
Let s = -436 - -456. What is the remainder when s is divided by 10?
0
Let o be 86/(-4)*(-10 - -4). Let c = o + -70. Calculate the remainder when c is divided by 23.
13
Let a(u) = -437*u + 1. Let k be a(-2). Let c = -584 + k. Suppose -5*b + c = -4*r, 0*r + 5*r - 182 = -3*b. What is the remainder when b is divided by 20?
19
Let i(k) = 4*k**3 - 10*k**2 - 18*k - 13. Let p(j) = -j**3 + j - 1. Let r(y) = i(y) + 5*p(y). Calculate the remainder when 25 is divided by r(-9).
7
Suppose 19*r = 13*r + 1626. What is the remainder when r is divided by 17?
16
Suppose 0 = 3*h + 20 - 80. Suppose -4*v = -4*m - 132, 3*v - 7*m - 91 = -2*m. What is the remainder when v is divided by h?
17
Suppose t = -2*x + 10, -26 = -0*x - 2*x - 5*t. Suppose -213 - 93 = -17*g. What is the remainder when g is divided by x?
0
Let n = -861 + 892. Calculate the remainder when 1639 is divided by n.
27
Suppose -g - 4*g + 5*n = -5, -4*g + 3*n = 1. Calculate the remainder when 155 is divided by (g*4/2)/((-34)/51).
11
Let s(i) = i**3 + 10*i**2 - 32*i - 30. Calculate the remainder when s(-12) is divided by 2.
0
Let x be (-3 + -3 + 5)*0. Suppose y + 3 = x, 3*s - 51 = 2*s - y. Let q = 24 + -13. What is the remainder when s is divided by q?
10
Let m(t) = -t**3 + 10*t**2 + 13*t - 11. Let b be m(10). Let x = b - 69. What is the remainder when x is divided by 27?
23
Suppose 19*g - 164 = 16*g + 4*d, -5*g - 2*d + 230 = 0. Suppose b = 1 + 6. Calculate the remainder when g is divided by b.
6
Suppose 8 = -c + 20. Let m(a) = a**3 - 15*a**2 - 30*a + 25. Let d be m(17). Suppose 5*t - 127 = d. Calculate the remainder when t is divided by c.
8
Suppose 13*j - 3472 = -3*j. Calculate the remainder when j is divided by 71.
4
Suppose 0 = -4*j - 40 + 112. Let d = -5 + j. Calculate the remainder when (275/33)/((-1)/(-3)) is divided by d.
12
Suppose -8*z + 112 = 8*z. Calculate the remainder when 7 is divided by z.
0
Let z be (8/(-12))/(2/(-9)). Let y = 2914 - 2905. Calculate the remainder when z/4 - (-372)/16 is divided by y.
6
Calculate the remainder when (-60)/12 - (-816 + (0 - 3)) is divided by 12.
10
Suppose 2*a + 8 = 0, 0 = l + a - 4*a - 142. Let k = l + -56. Calculate the remainder when k is divided by 19.
17
Suppose -r - 314 = -b, -5*b - r - 32 = -1590. Let s(v) = -10*v + 5. Calculate the remainder when b is divided by s(-4).
42
Let w = 0 - -2. Let s be w/(2/(-2)) + 0. Let r = 6 + s. What is the remainder when r is divided by 2?
0
Let i(l) = l**2 - 38*l + 316. Let n(q) = -37*q**3 - q**2 - q. Calculate the remainder when n(-1) is divided by i(11).
18
Suppose 4*m + 4100 = d + 4*d, 3*d + 4*m - 2460 = 0. What is the remainder when d is divided by 25?
20
Let c = -828 - -1127. Calculate the remainder when c is divided by 74.
3
Suppose -633 = -5*g - 608. Calculate the remainder when g is divided by 4.
1
Let k be 4/18 - 180/81. Let b = 9 - k. Calculate the remainder when b is divided by 8.
3
Let g(r) = -r + 14. Let o be g(10). Suppose 0 = -o*m + 641 - 1. What is the remainder when m is divided by 54?
52
Let o be 45 + -2 - (0 + -2). Suppose 0 = 3*n + 12 - o. Suppose -3*q = -3, 20 = -5*h - 4*q + 39. What is the remainder when n is divided by h?
2
Suppose 0 = f + f + 520. Let z be f/(2 - 7) - 0. Suppose 0 = q + q - z. Calculate the remainder when 49 is divided by q.
23
Let y be (-3408)/64*((-16)/(-3))/(-2). Let q = -126 + y. What is the remainder when 75 is divided by q?
11
Suppose 0 = -13*g - 419 + 679. What is the remainder when 53 is divided by g?
13
Suppose -6*h + 9*h = 111. What is the remainder when h is divided by 25?
12
Let a = 66 - 62. Calculate the remainder when 50 is divided by -5 + a - -15 - -3.
16
Suppose -u - 12 = -5*u. Let g = 352 + -333. What is the remainder when g is divided by u?
1
Let k = 963 - 854. What is the remainder when k is divided by 57?
52
Let k(p) = -p**2 + 2*p + 7. Suppose -36 = -4*w + 12. Calculate the remainder when w is divided by k(0).
5
Let b = 274 + -268. What is the remainder when 14 is divided by b?
2
Let o(v) = 0*v + 12 + 2 + 2*v. Suppose -2*t = 4*l - 12, -2*t - 2*t = 5*l - 15. Calculate the remainder when 41 is divided by o(t).
13
Let q(y) = -3 + 0 + 2*y**3 - y**3 - y. Let j = -21 + 23. What is the remainder when 4 is divided by q(j)?
1
Suppose -41*h - 5*y = -38*h - 62, 5*y - 5 = 0. Suppose 4*x - 50 = 4*o - 5*o, 3*x - 42 = -3*o. What is the remainder when h is divided by x?
7
Let u = -57 + 62. Let g = 57 - 40. What is the remainder when g is divided by u?
2
Suppose -9 = -2*k - 7. What is the remainder when 16 is divided by 1/(0 + k) + (7 - 2)?
4
Let p(u) = u**2 - 59. Calculate the remainder when 118 is divided by p(11).
56
Let k = -48 - -144. What is the remainder when k is divided by 20?
16
Let f(p) = p**2 + 63*p + 8. Calculate the remainder when f(-70) is divided by 25.
23
Calculate the remainder when 503 is divided by 8/(256/744) + (-4)/16.
20
Let o = 12 - -4. Suppose -2*a = -b - 7, 5*a + 3*b - 13 = 32. Calculate the remainder when o is divided by a.
4
Let i = 1271 - 1227. What is the remainder when 244 is divided by i?
24
Suppose 2*d - 5*m - 12 = 0, -m = -5*d + 2*m + 68. Suppose 25*s - 20*s = -365. Let r = s - -103. Calculate the remainder when r is divided by